5, what is 114 - -215520?
215634
In base 11, what is -1718a + -16a?
-17349
In base 10, what is -143 + -5854348?
-5854491
In base 15, what is 63d5 - -2da?
66c0
In base 13, what is 5 - -1602c79?
1602c81
In base 5, what is 10 + 10133444?
10134004
In base 10, what is 13786 - 533?
13253
In base 5, what is -12 + -340042420?
-340042432
In base 13, what is 11b1320 - -40?
11b1360
In base 16, what is -4 + 1274a3?
12749f
In base 14, what is -147b8990 - -8?
-147b8986
In base 15, what is 423c + d2?
431e
In base 11, what is -3820665 - 15?
-382067a
In base 11, what is -55 - -2a30a6?
2a3051
In base 14, what is 818c5c - -3?
818c61
In base 9, what is -3 + -4012104?
-4012107
In base 6, what is 1213145432 + -5?
1213145423
In base 14, what is aa2c7 + 26?
aa30d
In base 8, what is -217122 + 234?
-216666
In base 3, what is 0 + 102012002001022112?
102012002001022112
In base 5, what is 12 + 111121211023?
111121211040
In base 7, what is -13 + 2154023?
2154010
In base 7, what is 242 + 1510253?
1510525
In base 12, what is 147a - -4ab1?
636b
In base 5, what is 14431300221 + 1?
14431300222
In base 13, what is -3b4721 + 4?
-3b471a
In base 15, what is -1acad6 + -10?
-1acae6
In base 4, what is -1012 + -111130201202?
-111130202220
In base 2, what is -10100 + -110101010100001000?
-110101010100011100
In base 15, what is -118 + -8d97?
-8eb0
In base 2, what is 1001010011 + 111000111000001111?
111001000001100010
In base 14, what is 14b7249 - 4?
14b7245
In base 10, what is 16065 - -1259?
17324
In base 16, what is 1 + -157397d3?
-157397d2
In base 15, what is -1b986184 + 1?
-1b986183
In base 7, what is -2655404 + -1405?
-2660112
In base 4, what is 101121323302 - 1?
101121323301
In base 10, what is 1 + -145755904?
-145755903
In base 7, what is 0 + -512225401?
-512225401
In base 11, what is 7a + 2243?
2312
In base 8, what is 21071227 - 4?
21071223
In base 4, what is 2211103323 - 1022?
2211102301
In base 9, what is 8 + 56114?
56123
In base 8, what is -51303 - 1000?
-52303
In base 3, what is -100200201022 + -100211122?
-101001112221
In base 6, what is -4305331041 + -3?
-4305331044
In base 9, what is -63671 - 4063?
-67744
In base 2, what is -11001 - -10110110001001010?
10110110000110001
In base 4, what is 1 + 1023313131223?
1023313131230
In base 12, what is 287847 + -a?
287839
In base 13, what is -11644a955 + -1?
-11644a956
In base 2, what is 11010010110011110101 - 10111110?
11010010110000110111
In base 8, what is -20405 - 123465?
-144072
In base 13, what is -19 - -130c84?
130c68
In base 10, what is 744 + -9109?
-8365
In base 11, what is 6 - -659729?
659734
In base 9, what is 835 + 12121?
13056
In base 9, what is -351246228 + 3?
-351246225
In base 3, what is -10111222 + 1021111012?
1010222020
In base 3, what is -212 + -11122202220?
-11122210202
In base 6, what is 40212 + 1300241?
1340453
In base 6, what is 220534131 + -3?
220534124
In base 10, what is -17684 - -2472?
-15212
In base 3, what is 2011000211 - 202120102?
1101110102
In base 7, what is 264163 + 104?
264300
In base 4, what is -232311012212 + 0?
-232311012212
In base 7, what is 33620463 - -2?
33620465
In base 2, what is -10011100100111 - -11010110101?
-10000001110010
In base 6, what is 55 - 20133043?
-20132544
In base 8, what is -5366637 - -306?
-5366331
In base 10, what is 38559 - 1840?
36719
In base 10, what is -2 + 10327737?
10327735
In base 16, what is 2586 + -60?
2526
In base 4, what is 321012320 - -3332?
321022312
In base 4, what is 2 + -1101110110202?
-1101110110200
In base 15, what is -11eedc - 11?
-11eeed
In base 11, what is 24a542a - 153?
24a5287
In base 14, what is 11c4d9 + 1b?
11c516
In base 2, what is -1011110001100 - -11100111010010?
10001001000110
In base 2, what is -101001000100 + -110000011011000010?
-110001000100000110
In base 14, what is 17567 - 4d09?
1265c
In base 16, what is c15c3 - 11?
c15b2
In base 12, what is -63359505 + 4?
-63359501
In base 11, what is 0 + -59a76868?
-59a76868
In base 5, what is 12041 + 34424303?
34441344
In base 10, what is 9 - 121963?
-121954
In base 2, what is -1110000111001 + 1001100010000?
-100100101001
In base 6, what is -133110 - -3221?
-125445
In base 13, what is 7321 - -11c97?
192b8
In base 13, what is 4 - -6a6272?
6a6276
In base 13, what is -6 + 4b796a?
4b7964
In base 6, what is 10040401341 + -5?
10040401332
In base 10, what is 276981 + 1569?
278550
In base 10, what is -5 - 3710660?
-3710665
In base 11, what is -10 - 1912267?
-1912277
In base 11, what is 500021 - 22?
4aaaaa
In base 16, what is -30f - 45be?
-48cd
In base 15, what is 98 - -14915?
149ad
In base 13, what is 3121264 + 15?
3121279
In base 16, what is 49b888 - 0?
49b888
In base 6, what is -241014450 + -21?
-241014511
In base 14, what is 53860 - -96?
53916
In base 7, what is -6421 - 13013?
-22434
In base 5, what is 13432 - 2034210?
-2020223
In base 15, what is -21a + a9d6?
a7bb
In base 15, what is 260 - 20db1?
-20b51
In base 14, what is -7adc - -1766?
-6376
In base 13, what is b5ab3 - -4c?
b5b32
In base 4, what is -1331 + -112113231?
-112121222
In base 4, what is 20200032113 + 1132?
20200033311
In base 2, what is 10000 + -10011000011001011001101?
-10011000011001010111101
In base 16, what is -11c + 3a57b?
3a45f
In base 7, what is 106010 + 226?
106236
In base 7, what is -100 - 2510562?
-2510662
In base 9, what is -31 + 168723?
168682
In base 16, what is -1e + -7fa60?
-7fa7e
In base 14, what is 2a - -127816?
127842
In base 3, what is -1002122122002 - 0?
-1002122122002
In base 13, what is b9c - -94ac?
a37b
In base 16, what is -12088 + 152b?
-10b5d
In base 5, what is -13344231402 - 111?
-13344232013
In base 2, what is 0 - -1000101011101101111101111000?
1000101011101101111101111000
In base 10, what is -29303429 - -5?
-29303424
In base 3, what is -20022100100122 + -122?
-20022100101021
In base 12, what is 4b152b05 - 6?
4b152abb
In base 6, what is -4032055012 + -12?
-4032055024
In base 9, what is -107 + -18866600?
-18866707
In base 5, what is -14101122 + 234?
-14100333
In base 10, what is 294146 - -8?
294154
In base 14, what is 5 - 55154d?
-551548
In base 12, what is 667b5 + 1a9?
669a2
In base 8, what is 11115 - 6624?
2271
In base 14, what is 3a9c94 - -1?
3a9c95
In base 4, what is 1202 - -220023?
221231
In base 3, what is 20 - -22010001022022?
22010001022112
In base 7, what is -111 + -3010265?
-3010406
In base 13, what is 1a516 - -282?
1a798
In base 12, what is ab81 + -1a58?
9125
In base 13, what is -4b + -598b22?
-598b70
In base 5, what is -212 + 3020302?
3020040
In base 6, what is -305 - -4325415?
4325110
In base 9, what is -37 + -416858?
-417006
In base 13, what is 1b + -1bbba55?
-1bbba37
In base 6, what is 2 + -25355135355?
-25355135353
In base 12, what is -3674017 - -9?
-367400a
In base 7, what is -11233330 - -103?
-11233224
In base 6, what is -103014 - 1240?
-104254
In base 6, what is 132453012 - -454?
132453510
In base 3, what is 100102120011111 + -11222?
100102112222112
In base 16, what is -d - -6d96c?
6d95f
In base 7, what is -133006413 + -32?
-133006445
In base 6, what is 555310510 - -1?
555310511
In base 9, what is -8843 + 536?
-8306
In base 12, what is -259308 + 634?
-258894
In base 5, what is -23240413 - -20002?
-23220411
In base 12, what is 29 - -10b5ba?
10b627
In base 5, what is 1011021 + 33200?
1044221
In base 9, what is 11563 + -14184?
-2521
In base 8, what is -51162662 - -5?
-51162655
In base 7, what is 340360231 + 5?
340360236
In base 5, what is 0 + -233201401?
-233201401
In base 6, what is -1022143 - -220105?
-402034
In base 2, what is 110001010 - 11100111001100111?
-11100110011011101
In base 15, what is -11c058e + -1?
-11c0590
In base 4, what is 3 - -310323022?
310323031
In base 3, what is -11011121102 - 2211?
-11011201020
In base 15, what is -26a7b8 - 2?
-26a7ba
In base 5, what is -2 + 3120320302?
3120320300
In base 12, what is 1bbb06 + 105?
20000b
In base 12, what is -99a81 + 41?
-99a40
In base 9, what is 3073 - 11183?
-7110
In base 3, what is -22120200220211122 - 12?
-22120200220211211
In base 10, what is -59 - 6498873?
-6498932
In base 4, what is -30332233321120 + 0?
-30332233321120
In base 3, what is -110 + 111000021202021?
111000021201211
In base 10, what is 6224270 - 0?
6224270
In base 8, what is -10 - 117644060?
-117644070
In base 12, what is -6a8 - 97834?
-98320
In base 6, what is -2300 + -223221